 what is 5 + -6244?
-623a
In base 9, what is 660 - 155?
504
In base 8, what is -555565 + -5?
-555572
In base 3, what is 1020 + 11112120?
11120210
In base 14, what is -11 - -22840?
2282d
In base 5, what is -220333 - -44?
-220234
In base 16, what is -12cbb - 7?
-12cc2
In base 8, what is -745 + -274?
-1241
In base 16, what is -2 + -f64?
-f66
In base 14, what is -3 + 2b03d?
2b03a
In base 16, what is 72f1b8 + 3?
72f1bb
In base 4, what is 333221002 - 10?
333220332
In base 3, what is -2120210221 - 100?
-2120211021
In base 7, what is 104110 - -142?
104252
In base 16, what is 4c - 1ddf?
-1d93
In base 13, what is 85 + 178?
230
In base 9, what is -8 - 12505?
-12514
In base 15, what is -1480c + -7?
-14814
In base 4, what is 2 - 1313011202?
-1313011200
In base 7, what is 121 + -154462?
-154341
In base 15, what is 8 + -3ab6?
-3aad
In base 9, what is -1154 + -545?
-1710
In base 16, what is 59 - -1e84?
1edd
In base 13, what is -13c98 - 12?
-13caa
In base 4, what is 11121120211 - -1?
11121120212
In base 12, what is -2005 + 0?
-2005
In base 15, what is -8ad9 + -b?
-8ae5
In base 12, what is -128769 - -5?
-128764
In base 16, what is 2815f + -8?
28157
In base 13, what is 3 + 477?
47a
In base 7, what is -335 + -310?
-645
In base 14, what is c8a + 7bd?
1669
In base 9, what is -4538422 + -3?
-4538425
In base 7, what is 1 + -650660?
-650656
In base 11, what is -3488 + 2?
-3486
In base 9, what is 73576 + 22?
73608
In base 2, what is 10010111 - -1101111011?
10000010010
In base 5, what is -13014 + 412?
-12102
In base 14, what is 4 + -16da9?
-16da5
In base 16, what is -b21a + 3?
-b217
In base 4, what is 3333020 + -1?
3333013
In base 14, what is -6c7 - -492?
-235
In base 3, what is -100000100 - -12?
-100000011
In base 16, what is 4 + 33f2?
33f6
In base 13, what is -c9 + b6?
-13
In base 9, what is 2 - 2313514?
-2313512
In base 8, what is 74 + -33?
41
In base 10, what is -866 - 331?
-1197
In base 7, what is 4 + 3312521?
3312525
In base 14, what is -3913 - 3?
-3916
In base 5, what is -2 - 11121411?
-11121413
In base 4, what is 1200 + 10031?
11231
In base 6, what is 124 + -15?
105
In base 2, what is 100 + -10100100101111111110?
-10100100101111111010
In base 2, what is 101100111011 - 101100?
101100001111
In base 14, what is -c8 - -319?
231
In base 12, what is 37b33 - 4?
37b2b
In base 5, what is 1134120 - -420?
1140040
In base 5, what is -10232001 + -20?
-10232021
In base 13, what is -b5cc9 + 4?
-b5cc5
In base 4, what is -1221 - -132333?
131112
In base 11, what is 4 - a965?
-a961
In base 13, what is 1bc35 - 5?
1bc30
In base 7, what is -1 + 1255665?
1255664
In base 12, what is -3 + 3815?
3812
In base 2, what is 11 - -11000110100?
11000110111
In base 16, what is 94dd + 0?
94dd
In base 10, what is 4 + -1209?
-1205
In base 9, what is 3157 + 2146?
5314
In base 2, what is -1100011 + -1100011110?
-1110000001
In base 11, what is -5774 - -299?
-5486
In base 8, what is 1136254 - 37?
1136215
In base 5, what is 33 - -21311131?
21311214
In base 9, what is 11311 - 4?
11306
In base 5, what is 121442104 + 2?
121442111
In base 5, what is 3 - 1111042?
-1111034
In base 6, what is 131 + -32435?
-32304
In base 15, what is -6231 + 1?
-6230
In base 12, what is -6 - -371b?
3715
In base 4, what is -10203013 - 30?
-10203103
In base 13, what is -5 - -9c5?
9c0
In base 2, what is 11110 + 10110001100110?
10110010000100
In base 15, what is -4 - -11126?
11122
In base 13, what is 1 + 3726?
3727
In base 5, what is -1104 - -101000?
44341
In base 5, what is -212 + -4?
-221
In base 4, what is -201222 + 133?
-201023
In base 16, what is 6 + -a9?
-a3
In base 16, what is 3cb06 - -3?
3cb09
In base 5, what is 3 + 23003200?
23003203
In base 11, what is 802 - -91?
893
In base 12, what is -1 - 4989?
-498a
In base 12, what is 3 + -609b9?
-609b6
In base 12, what is -2b659 + -2?
-2b65b
In base 13, what is 1b4 - -3316?
34ca
In base 9, what is 5 - -65765?
65771
In base 10, what is 121361 + 5?
121366
In base 10, what is -2269 + 277?
-1992
In base 6, what is 32522 + -253?
32225
In base 7, what is -141 - -2344?
2203
In base 3, what is -1002020221 + -1?
-1002020222
In base 7, what is 10102 + 322?
10424
In base 5, what is -114200 - -22?
-114123
In base 2, what is -10111000010000000 - -10?
-10111000001111110
In base 2, what is 1000100 - 11101000010101?
-11100111010001
In base 14, what is 0 + 2227?
2227
In base 15, what is -4 - 3ae1?
-3ae5
In base 9, what is -8 + -43050?
-43058
In base 16, what is -6f82 - -1?
-6f81
In base 4, what is 10132211 - -13?
10132230
In base 4, what is 3030 - 2130?
300
In base 15, what is -5 + -d4b8?
-d4bd
In base 14, what is 0 + -c462a?
-c462a
In base 8, what is -3172 - 53?
-3245
In base 12, what is -20 + -1a248?
-1a268
In base 16, what is a + -a2c?
-a22
In base 10, what is -6 - 1204995?
-1205001
In base 8, what is 45642 - 26?
45614
In base 2, what is 11 + -10000001010000?
-10000001001101
In base 11, what is -2465 + -8?
-2472
In base 10, what is -1063 - 2?
-1065
In base 4, what is -1010 - -10202302?
10201232
In base 5, what is 2413313 + 0?
2413313
In base 2, what is -111001000 - 11100011101?
-100011100101
In base 13, what is -3 - -162a4?
162a1
In base 11, what is -5 + -8878?
-8882
In base 3, what is 1021021011 - -1?
1021021012
In base 7, what is 26140 + 42?
26212
In base 10, what is 6 + 200976?
200982
In base 8, what is -24 + -324305?
-324331
In base 13, what is 2 - 138ac?
-138aa
In base 7, what is -301 + 4646?
4345
In base 10, what is -10614 + 3?
-10611
In base 5, what is 10402 - 41444?
-31042
In base 15, what is -1532 - 22?
-1554
In base 11, what is -3 - 1963a?
-19642
In base 8, what is -2406 + -53?
-2461
In base 5, what is -244 - 4444?
-10243
In base 6, what is 3435 - -452?
4331
In base 11, what is 1605 - 7?
15a9
In base 2, what is 111110000011 + 1110?
111110010001
In base 11, what is 22 + -9013?
-8aa1
In base 11, what is 394 - a5?
29a
In base 12, what is -1 - 40177?
-40178
In base 7, what is -6 + 3421323?
3421314
In base 14, what is 11643 - 5?
1163c
In base 2, what is 11 + -111001010010101?
-111001010010010
In base 10, what is -76 - -280?
204
In base 3, what is -12 + -10122112?
-10122201
In base 16, what is -4 - -6736?
6732
In base 7, what is -114022 + -220?
-114242
In base 13, what is 13 + -83?
-70
In base 7, what is -13 + -24401?
-24414
In base 2, what is 101010001 - -1?
101010010
In base 13, what is -c78 + 835?
-443
In base 13, what is -156c - 1?
-1570
In base 8, what is -2322213 - 2?
-2322215
In base 4, what is -11333 + 330?
-11003
In base 11, what is 363535 - -2?
363537
In base 11, what is 59 - -2053?
2101
In base 12, what is -163b6 + -4?
-163ba
In base 10, what is 30 + -8034?
-8004
In base 11, what is -2 - -67a9?
67a7
In base 8, what is 4 + -137014?
-137010
In base 15, what is -4cca - 1a?
-4ce5
In base 3, what is -121111202 - -21?
-121111111
In base 3, what is 122111 - 10?
122101
In base 2, what is -1000101 - 101100010110100?
-101100011111001
In base 7, what is -14002026 + -5?
-14002034
In base 11, what is 66a82 - 1?
66a81
In base 11, what is 37a9 + -34?
3775
In base 12, what is 6a + 43a?
4a8
In base 4, what is -3323031 - 1200?
-3330231
In base 16, what is -37 - -10f?
d8
In base 15, what is 0 - -1ea525?
1ea525
In base 16, what is -49f - a9?
-548
In base 6, what is -32551 - -14?
-32533
In base 8, what is -461170 + 13?
-461155
In base 7, what is -22 + -522?
-544
In base 11, what is -132 - -10493?
10361
In base 7, what is -10150 - 56?
-10236
In base 11, what is 664 - 7?
658
In base 7, what is 1 + 134341?
134342
In base 2, what is 101 + 100100110001100010?
100100110001100111
In base 10, what is -13 + 5301?
5288
In base 12, what is 15b1 + bb?
16b0
In base 16, what is 145 + -d1?
74
In base 11, what is -261 - -247?
-15
In base 13, what is 8 + -47b66?
-47b5b
In base 14, what is 76 - -a5?
13b
In base 16, what is df1 - 9?
de8
In base 13, what is 261 + 54b?
7ac
In base 13, what is 2986 - -4c?
2a05
In base 6, what is 130 - 1511?
-1341
In base 16, what is -d7f - 0?
-d7f
In base 15, what is -8a - 1e2?
-27c
In base 10, what is 2849 + 29?
2878
In base 10, what is -268453 - -5?
-268448
In base 15, what is 3 - -2055?
2058
In base 13, what is 70 + 667?
707
In base 13, what is -87523 - -5?
-8751b
In base 12, what is 3 + 16a037?
16a03a
In base 5, what is 324044110 + 10?
324044120
In base 11, what is -4a75 + 28?
-4a4